 Calculate k(-43).
-3
Let f(a) = -4*a**2 + 70*a - 41. Determine f(17).
-7
Let r(w) = 47*w**3 + w + 1. Calculate r(-1).
-47
Let h(w) = -w**3 - 43*w**2 - 52*w - 417. What is h(-42)?
3
Let f(p) = p**3 - 6*p**2 - 4*p. Calculate f(6).
-24
Let g(t) = -t**3 + 11*t**2 - 18*t + 9. What is g(10)?
-71
Let l(n) = -n**3 + 5*n**2 - 6*n + 3. Give l(4).
-5
Let r(k) = -3*k - 9. Calculate r(-9).
18
Let x(m) = -m**3 - 15*m**2 - 26*m + 6. Determine x(-13).
6
Let u(w) = w**2 - 13*w + 13. Give u(12).
1
Let t(s) = 49*s + 594. Determine t(-12).
6
Let s(w) = w + 10. Determine s(-12).
-2
Let b(n) = -n**3 + 10*n**2 + 17*n - 10. Determine b(11).
56
Let p(s) = -8*s + 208. Give p(26).
0
Let v(c) = -c**2 - 12*c + 20. Give v(-10).
40
Let p(f) = -2*f**2 + 7*f - 14. Calculate p(4).
-18
Let j(n) = -n**3 - 5*n**2 + 2*n + 8. Determine j(-5).
-2
Let o(z) = z**2 - 2*z - 21. Calculate o(-9).
78
Let z(b) = 6*b - 11. Calculate z(5).
19
Let q(b) = 4*b**2 + 6*b + 8. What is q(-3)?
26
Let o(p) = p**3 - 18*p**2 + 65*p - 22. Calculate o(13).
-22
Let d(k) = k - 30. Calculate d(10).
-20
Let n(a) = a**3 + 35*a**2 + 65*a - 42. What is n(-33)?
-9
Let f(z) = 2*z + 5. Give f(-3).
-1
Let f(n) = 8*n + 21. Determine f(-5).
-19
Let h(g) = 2*g**3 - 43*g**2 - 20*g - 10. Determine h(22).
34
Let r(y) = -11*y + 39. Calculate r(3).
6
Let l(t) = -10*t + 16. Give l(-8).
96
Let l(b) = -b**2 - 6*b + 9. Determine l(-7).
2
Let k(a) = 21*a + 33. Calculate k(-9).
-156
Let m(a) = 5*a - 12. What is m(4)?
8
Let q(j) = 2*j**3 - 12*j + 22. Give q(2).
14
Let w(v) = -v**2 - 12*v + 2. Give w(-12).
2
Let v(u) = -5*u + 7. Give v(1).
2
Let n(c) = -5*c + 1. Give n(-2).
11
Let t(b) = 5*b**3 - 2*b**2 + 5*b - 3. What is t(1)?
5
Let g(z) = 16*z - 2. Calculate g(1).
14
Let s(q) = 5*q + 55. What is s(-15)?
-20
Let a(s) = -2*s + 6. Determine a(4).
-2
Let t(l) = l**3 + 8*l**2 - 30*l + 12. What is t(-11)?
-21
Let i(s) = -11*s**3 + 6*s**2 + 6*s + 2. Calculate i(-1).
13
Let y(s) = s**2 + 14*s + 21. Give y(-14).
21
Let r(i) = -11*i + 52. What is r(5)?
-3
Let y(k) = -2*k**2 - 10*k + 28. Give y(-10).
-72
Let r(y) = -y**3 + 5*y**2 + 6*y + 4. What is r(6)?
4
Let t(k) = -k**3 - 32*k**2 + 32*k - 31. Give t(-33).
2
Let t(k) = -11*k + 132. Calculate t(12).
0
Let t(g) = 2*g**2 + 17*g + 10. Calculate t(-14).
164
Let z(m) = m**2 + 10*m - 63. What is z(-14)?
-7
Let r(l) = -3*l - 7. Determine r(-3).
2
Let q(u) = 17*u**3 - 14*u - 13. Give q(-1).
-16
Let x(k) = -k - 4. Calculate x(-19).
15
Let l(t) = -t - 44. Determine l(-19).
-25
Let n(u) = u**2 + u - 13. Determine n(-7).
29
Let y(i) = i**3 + 6*i**2 + 5*i - 8. Give y(-6).
-38
Let m(o) = -o**2 + 28*o - 65. What is m(26)?
-13
Let j(a) = a**2 - 10*a - 30. Give j(11).
-19
Let n(t) = t**2 + 7*t - 19. What is n(-8)?
-11
Let o(l) = -10*l - 65. Give o(-7).
5
Let x(y) = -y**2 - 10*y - 5. Give x(-7).
16
Let t(u) = -3*u**3 - 4*u**2 - 6*u - 4. Give t(-2).
16
Let o(s) = 14*s + 3. Give o(2).
31
Let q(b) = b - 27. Determine q(12).
-15
Let i(n) = -3*n + 15. Determine i(4).
3
Let k(x) = -x**3 - 6*x**2 - 4*x + 2. Give k(-5).
-3
Let n(z) = z**3 + 20*z**2 - 3*z - 22. Give n(-20).
38
Let u(f) = 5*f - 48. What is u(8)?
-8
Let b(u) = -4*u - 21. Give b(-3).
-9
Let w(f) = -f**3 - 5*f**2 - f - 2. What is w(-5)?
3
Let r(m) = m - 11. Determine r(18).
7
Let a(u) = u**3 - 4*u**2 + 2*u + 2. Give a(4).
10
Let a(c) = 23*c + 2. Give a(1).
25
Let l(w) = -3*w + 22. What is l(9)?
-5
Let f(t) = -t**3 + 16*t**2 + 34*t + 27. Calculate f(18).
-9
Let h(f) = -6*f. Give h(1).
-6
Let q(p) = p**3 - 13*p**2 - 15*p - 1. What is q(14)?
-15
Let r(s) = -2*s - 21. What is r(-9)?
-3
Let m(l) = l**3 - 12*l**2 + 11*l - 5. Give m(11).
-5
Let r(c) = 4*c + 20. What is r(-7)?
-8
Let i(u) = -4*u + 1. Determine i(-7).
29
Let p(l) = l**2 - 4*l + 1. Calculate p(7).
22
Let x(m) = -5*m - 4. Calculate x(-2).
6
Let y(z) = 2*z**3 + 41*z**2 - 22*z - 23. Calculate y(-21).
-2
Let i(p) = 17*p**2 - 1. What is i(-1)?
16
Let x(r) = -6*r - 3. Calculate x(-3).
15
Let h(i) = -i**2 + 7*i - 3. Determine h(5).
7
Let y(l) = 5*l + 6. Give y(-3).
-9
Let q(l) = l**3 - 9. Determine q(0).
-9
Let k(a) = a**2 + 21*a + 9. Determine k(-20).
-11
Let w(b) = -b**3 - 5*b**2 - 3*b - 3. What is w(-5)?
12
Let c(x) = 2*x**3 + 36*x**2 + 4*x + 74. Give c(-18).
2
Let g(y) = 2*y**2 + 31*y - 12. What is g(-17)?
39
Let z(b) = 8*b + 135. Calculate z(-16).
7
Let b(r) = r**2 + 13. Determine b(-9).
94
Let p(y) = -y**3 - 9*y**2 + 49*y - 43. Give p(-13).
-4
Let x(s) = 11*s + 29. What is x(-3)?
-4
Let l(m) = -m**3 - 8*m**2 - 21*m + 9. What is l(-7)?
107
Let j(b) = -b**3 + 15*b**2 - 12*b - 38. Give j(14).
-10
Let c(t) = t**3 - t**2 - 124. Calculate c(0).
-124
Let p(h) = -2*h**2 - 22*h - 18. What is p(-8)?
30
Let q(i) = 8*i - 25. Determine q(0).
-25
Let b(c) = 2*c**3 + 59*c**2 + 30*c + 30. Determine b(-29).
1
Let h(s) = -5*s**2 - 5*s - 7. Give h(-4).
-67
Let r(p) = p**2 - 76*p + 435. What is r(6)?
15
Let n(z) = -z**3 + 4*z + 2. What is n(3)?
-13
Let x(v) = -v**3 - 9*v**2 - 10*v - 7. What is x(-6)?
-55
Let r(p) = p**2 - 9*p - 5. What is r(9)?
-5
Let c(t) = -5*t - 27. What is c(-8)?
13
Let d(y) = -y**2 + 7*y + 66. Calculate d(12).
6
Let i(u) = -u**3 + 3*u**2 - 6. Give i(3).
-6
Let b(i) = i**2 - 12*i + 19. What is b(12)?
19
Let p(g) = -g**3 + 6*g**2 - 6*g - 2. What is p(5)?
-7
Let w(a) = 11*a - 128. Determine w(11).
-7
Let k(v) = -v**2 + 11*v + 9. What is k(11)?
9
Let i(x) = x**2 + 3*x - 35. What is i(6)?
19
Let x(u) = -6*u**2 + 103*u - 104. What is x(16)?
8
Let a(b) = b**3 - 2*b**2 - 5*b + 2. Calculate a(4).
14
Let w(h) = 8*h**3 - 1. What is w(1)?
7
Let d(t) = 18*t - 62. What is d(4)?
10
Let l(c) = c**3 + 10*c**2 + 2*c + 12. Determine l(-10).
-8
Let y(a) = -9*a + 70. What is y(8)?
-2
Let u(v) = -v**2 + 13*v - 40. What is u(9)?
-4
Let i(o) = 4*o - 21. Calculate i(6).
3
Let x(k) = -25*k - 13. Calculate x(-5).
112
Let z(f) = -5*f - 3. Determine z(3).
-18
Let k(f) = -6*f - 2. What is k(-2)?
10
Let n(k) = -k**2 - 11*k - 27. Determine n(-11).
-27
Let y(l) = l**2 - 9*l + 8. Calculate y(9).
8
Let t(g) = 3*g**3 - 24*g**2 - g + 4. Give t(8).
-4
Let r(t) = -t**2 + 2*t - 1. What is r(0)?
-1
Let j(p) = p**3 - 2*p**2 - 22*p - 4. What is j(6)?
8
Let k(w) = 4*w - 2. Calculate k(-2).
-10
Let q(v) = -6*v - 19. Give q(-4).
5
Let d(v) = v - 9. Calculate d(9).
0
Let m(t) = -2*t**2 + 10*t - 9. What is m(6)?
-21
Let q(x) = x**2 + 2*x - 3. Determine q(5).
32
Let o(u) = u**3 - 3*u**2 + u - 5. Determine o(4).
15
Let r(a) = -a**2 - 7*a + 3. Calculate r(-7).
3
Let y(t) = -2*t**3 + 3*t**2 - 3*t + 4. Calculate y(3).
-32
Let o(c) = -c**3 - 3*c + 28. Give o(0).
28
Let q(t) = t**3 - 37*t**2 + 10. Determine q(37).
10
Let t(s) = -s - 9. Give t(4).
-13
Let i(r) = r**2 - 2*r + 6. What is i(3)?
9
Let b(o) = -o**2 - 14*o - 15. Calculate b(-12).
9
Let c(z) = -4*z**2 + z + 3. What is c(2)?
-11
Let k(b) = -4*b**3 - b**2 - 3*b - 3. Give k(-3).
105
Let h(f) = 2*f - 4. Give h(2).
0
Let z(v) = v**3 + 6*v**2 + 5*v - 5. Calculate z(-4).
7
Let f(l) = -l**3 - 8*l**2 - 2*l + 1. Give f(-6).
-59
Let k(b) = b**3 + 11*b**2 + 9*b - 9. What is k(-10)?
1
Let u(v) = 46*v**2 + 2*v + 2. What is u(-1)?
46
Let k(l) = -4*l**2 + 37*l + 69. Calculate k(-2).
-21
Let u(n) = -n**3 - 4*n**2 - 2*n - 2. Give u(-2).
-6
Let j(i) = i**2 + 6*i + 12. Calculate j(-2).
4
Let x(j) = j**2 - 34*j + 30. Calculate x(32).
-34
Let d(a) = a**3 - 18*a**2 + 16*a + 32. Calculate d(17).
15
Let m(v) = 3*v**3 + v**2. Determine m(-1).
-2
Let f(t) = t**3 + 5*t**2 - 5*t + 19. Determine f(-6).
13
Let g(x) = x + 37. Give g(-17).
20
Let f(w) = -w**2 - 1. What is f(-6)?
-37
Let w(k) = 7*k**3 + 2*k**2 + 2*k. Determine w(-2).
-52
Let j(o) = 4*o**3 - 28*o**2 - o - 1. Determine j(7).
-8
Let a(b) = b**3 - 7*b**2 + 3*b + 12. Calculate a(6).
-6
Let s(a) = a**3 + 7*a**2 - 5*a - 13. Determine s(-8).
-37
Let n(k) = -k**3 + 4*k**2 + 4*k + 4. Calculate n(5).
-1
Let h(c) = 25*c + 4. Calculate h(-2).
-46
Let j(i) = 71*i - 149. What is j(2)?
-7
Let h(u) = u**2 - 15*u + 11. Give h(10).
-39
Let n(x) = 16*x - 14. Determine n(-5).
-94
Let k(o) = -o**2 - 14*o - 26. Give k(-11).
7
Let v(m) = 2*m + 76. Give v(-23).
30
Let p(y) = y**3 + 10*y**2 + 15*y - 16. Give p(-8).
-8
Let o(c) = 2*c**2 - 13*c - 6. Give o(6).
-12
Let z(t) = t**2 - 13*t - 7. Give z(14).
7
Let d(h) = -2*h**2 - 28*h - 41. What is d(-14)?
-41
Let j(h) = h**3 - 9*h*